f(i)?
11
Suppose -a + 2*y = 6*y, -4*y = -4*a + 20. Suppose -6 = a*x - 34. List the prime factors of x.
7
Let u(m) = m + 7. Let b be u(-7). Suppose b*c - 20 = -2*c. Suppose -3*d + c = -11. What are the prime factors of d?
7
Let n = 146 + -86. What are the prime factors of n?
2, 3, 5
Let c(q) = q - 5. Let f be c(8). Suppose f*z + 2*v + 9 = 39, 3*z - 3*v - 45 = 0. Suppose -3*y + 3 = -z. What are the prime factors of y?
5
Let m(u) = -u**3 - 8*u**2 - 3*u - 9. Let j be m(-7). Let q = -22 - j. Let s = -10 + q. List the prime factors of s.
5
Let i(n) = -11*n**3 + 2*n**2 + 3*n - 2. List the prime factors of i(-2).
2, 11
Suppose 0*p + 2*p - 320 = 2*u, 4*p + 4*u = 600. List the prime factors of p.
5, 31
Let j(o) = 25*o**2 + o + 1. Let v be j(-1). Suppose -v = -2*k + k. Let r = -14 + k. What are the prime factors of r?
11
Let i(b) = 3*b**2 + b - 1. Let a = -2 + 3. List the prime factors of i(a).
3
Suppose 2*m = 4*l - 18, 5 = -5*l - m + 10. List the prime factors of (l/(-4))/(1/(-36)).
2, 3
Suppose -4*n = -91 - 61. What are the prime factors of n?
2, 19
Let b(l) = 2*l**2 - 3*l + 4. Let d be b(3). Suppose -40 = 4*n + n. Let h = d + n. What are the prime factors of h?
5
Suppose -8*h + 4*h = 32. Let m be (0 + 0 - h)*1. What are the prime factors of (-4)/m*1*-26?
13
Let f = -183 - -193. List the prime factors of f.
2, 5
Let z = 44 - 12. Suppose 2*l - 6 = -4*b + 2, 5*l - 8 = -4*b. Suppose -2*w + z = b*w. List the prime factors of w.
2
Suppose 18*q = 15*q + 111. List the prime factors of q.
37
Suppose -3*k + 12 = 3*h, -2*k + 0*h = h - 6. Suppose -4*s - 33 = -0*x + x, k*s + 10 = 0. List the prime factors of 6/(-9)*3 - x.
11
Let m(u) = u**3 + 8*u**2 + 2*u - 17. What are the prime factors of m(-7)?
2, 3
Suppose 0 = 4*c - 0*c - 80. Suppose -c = -2*u - 2*u. Suppose -3*x = -u*x + 42. List the prime factors of x.
3, 7
What are the prime factors of 2/(-2)*(5 + -3 - 329)?
3, 109
Let x be ((-3)/2)/((-1)/14). Let h = -5 - 8. Let w = h + x. List the prime factors of w.
2
What are the prime factors of (4/((-8)/7) - -4)*74?
37
Suppose -4*w = -2*w. Let p(v) = v**2 - 2*v + 42. What are the prime factors of p(w)?
2, 3, 7
What are the prime factors of 9/6*(-14)/(-1)?
3, 7
Let r = 0 + 4. Suppose r*f = 44 + 72. What are the prime factors of f?
29
Let i = -22 - -143. List the prime factors of i.
11
Let p = 29 + 22. List the prime factors of p.
3, 17
Let a = 34 + 38. List the prime factors of a.
2, 3
Let i = 3 - -2. Suppose 4*v - 13 = -v + 2*j, 0 = 5*v + i*j - 20. Suppose n + v*l = 2, 0 = 4*n + n + l - 24. What are the prime factors of n?
5
Suppose -r + 4*s + 49 = 3*s, -4*r = -s - 205. List the prime factors of r.
2, 13
Let z = -1 + 3. Let j(g) = 12*g. Let s be j(z). Suppose 0*h + 3*h + 3*q - s = 0, -3*q - 6 = 0. List the prime factors of h.
2, 5
Let h = 18 + -16. Suppose 0*q + 4*q - 3*j = 105, h*q = -j + 65. What are the prime factors of q?
2, 3, 5
Let n(o) = -o**2 + 5*o. Let l be n(6). What are the prime factors of -2*(27/l + -1)?
11
Suppose 2*d + 3*d = 20. Suppose -22 = 5*p - 2*m - 2, -5*m = p + d. Let q = p - -15. List the prime factors of q.
11
Let d be ((-3)/(-6))/((-3)/(-18)). What are the prime factors of (-2 - 0)/(d/(-6))?
2
Let g(v) = -v**3 + 17*v**2 - 11*v - 21. List the prime factors of g(16).
59
Let n(x) = x**3 + 17*x**2 - 26*x - 12. What are the prime factors of n(-18)?
2, 3, 11
List the prime factors of (-12)/3 + (-87)/(-3).
5
Let b be (-2)/(-8) - (-6)/8. Let k(i) = 2*i**2 + 1. Let a be k(b). List the prime factors of (-1)/a + (-39)/(-9).
2
Let q = 165 + -98. What are the prime factors of q?
67
Suppose 4*p - 179 = 17. What are the prime factors of p?
7
Let l = -23 + 40. Let u = l + -5. Suppose -u = 4*m, -5*o + 64 + 15 = 2*m. What are the prime factors of o?
17
Let w = 12 - -13. List the prime factors of w.
5
Let b be (1 + 1 - 1) + -2. Let i be (b/2)/((-7)/(-392)). List the prime factors of (-2)/(-7) - 160/i.
2, 3
Let m = -11 - 16. Let g = m + 52. List the prime factors of 4/(-8) - g/(-2).
2, 3
Let u = 46 + -26. What are the prime factors of u?
2, 5
Let s = 29 - -67. What are the prime factors of s?
2, 3
Let l(p) = p**3 + 5*p**2 - 6*p + 8. Let k be l(-6). Suppose 2*a - k = 8. What are the prime factors of a?
2
Suppose -5*k - 3 = -4*v - 23, 0 = 2*k + 8. Let t be 14/(-35) - 44/v. Suppose -4*b - 22 = -6*h + t*h, 4*b + 9 = h. List the prime factors of h.
13
Let a be ((-10)/1)/((-6)/3). Suppose 0 = 5*d + a*i - 130, 7*d - 3*d - i - 129 = 0. List the prime factors of d.
31
Let w(m) = 251*m + 3. What are the prime factors of w(1)?
2, 127
Suppose 7*a = 12*a + 180. List the prime factors of (-2 - 3)*a/10.
2, 3
Let f(j) = -j**2 + j + 33. Let a be (-5)/(-10)*(0 - 0). List the prime factors of f(a).
3, 11
Let b = 84 - 59. List the prime factors of b.
5
Let w = -4 + 7. Suppose 5*q - 65 = -5*l, -3*l + 4*l = -w*q + 23. List the prime factors of l.
2
Let y be (28 - -2) + 0 + -3. What are the prime factors of (252/y)/((-4)/(-6))?
2, 7
Suppose b - 2*p + 4 + 4 = 0, 0 = -2*b - 4*p + 16. Suppose b = 3*k + 12 - 54. List the prime factors of k.
2, 7
Suppose 3*u + 0*u + 6 = 0, -5*u = -2*d + 20. Suppose -d*w - 3*a = -5*a - 42, 4*w - 60 = -5*a. What are the prime factors of w?
2, 5
Let s = -49 + 17. Suppose y = -20 - 0. Let x = y - s. List the prime factors of x.
2, 3
Suppose 9*t = 877 + 410. What are the prime factors of t?
11, 13
Let n(l) = -l**2 + 107. What are the prime factors of n(0)?
107
Let n(l) = l**2 + 12*l + 15. What are the prime factors of n(-14)?
43
List the prime factors of (-9)/(-21) - (-942)/7.
3, 5
Suppose 4*t = -5*n - 48, -7*t + 4*t - 13 = -2*n. Let b be (-3)/(-2) - t/14. What are the prime factors of 0/(-1) + 22/b?
11
Suppose 3*l - 4 + 0 = -2*k, -l - 3*k = -13. List the prime factors of (12/(-18))/(l/18).
2, 3
Let j(f) = f**3 - 2*f**2 - 7*f + 6. Let c = -1 - -5. Let i be j(c). Let u = i - -2. What are the prime factors of u?
2, 3
Let s(b) = -b - 2. Let a be s(10). Let o = 18 + a. List the prime factors of o.
2, 3
What are the prime factors of ((-1144)/65)/((-1)/5)?
2, 11
List the prime factors of ((21/2)/(-7))/(2/(-156)).
3, 13
Let g(p) = -p**3 - 3*p**2 + 5*p. List the prime factors of g(-5).
5
Suppose -3 = -3*v + 12. List the prime factors of 2*7 + (5 - v).
2, 7
Suppose -2*w + 41 - 7 = 0. List the prime factors of w.
17
Let c = 20 - -6. What are the prime factors of c?
2, 13
What are the prime factors of (-1)/((-132)/(-68) - 2)?
17
Suppose -c = -2*c - 5. Let m(p) = -2*p - 7. List the prime factors of m(c).
3
Suppose t = 2 + 2. What are the prime factors of 34/t - 1/2?
2
Suppose -15 = 7*x - 2*x. Let d be (-10)/x + (-14)/(-21). Suppose 5*g - d*j + 0*j - 67 = 0, -3*j - 39 = -3*g. What are the prime factors of g?
3, 5
Let s(b) = -b**3 + b + 54. Let o be s(0). Suppose 5*p + 39 = 4*k - 19, 5*k + 3*p = o. List the prime factors of k.
2, 3
Let i(k) = -3*k - 1. Let s be i(-1). Suppose 36 = 3*t + 2*o, s = -5*o + 17. What are the prime factors of t?
2, 5
What are the prime factors of -37*3*(-2)/6?
37
Suppose -3*h = t - 0*t - 33, -h = -4*t + 2. Let j = h - 5. List the prime factors of j.
5
Let t(d) = d**2 + 19*d + 23. What are the prime factors of t(-24)?
11, 13
Suppose -3*f + 8*s - 4*s = -26, 0 = 5*f + 2*s - 78. List the prime factors of f.
2, 7
Let l be 4/(-22) + (-1680)/(-44). Let z = l - 16. List the prime factors of z.
2, 11
Let u = 6 + -3. Let s(z) = 6*z + 6. Let l(h) = -5*h - 6. Let a(i) = u*s(i) + 4*l(i). List the prime factors of a(-5).
2
Suppose -2*f + 4*t = -108, -2*t + 0 = 4. Suppose 3*l - 2 - 2 = -2*c, -c - 5*l = 5. Suppose -f = -c*b - 5. What are the prime factors of b?
3
Let v be 2 - (-2 - (-248)/(-4)). Suppose 2*w - v = -w. What are the prime factors of w?
2, 11
Let t = 5 - 3. What are the prime factors of t/(-5) + 57/5?
11
Let x = -6 + 5. Let c(i) = i**2 - 2*i - 1. Let p be c(x). Suppose -2*y + 0*y - v = -37, 28 = 2*y - p*v. What are the prime factors of y?
17
Suppose -14*f - 228 = -18*f. List the prime factors of f.
3, 19
Let t(i) = -11*i**2 - 18*i - 12. Let w be (-23)/(-3) - 1/(-3). Let l(c) = -4*c**2 - 6*c - 4. Let b(x) = w*l(x) - 3*t(x). What are the prime factors of b(-7)?
11
Let j = -40 + 87. List the prime factors of j.
47
List the prime factors of 1/(-4) - (-437)/4.
109
Suppose 0 = v + 8 - 10. Suppose -y + 10 = 3*d - 6, -v*y - 3*d = -32. List the prime facto